{"version":"1.0","provider_name":"UNAN-Managua\/CIRA","provider_url":"https:\/\/cira.unan.edu.ni","title":"Feria Nacional de la Tierra - UNAN-Managua\/CIRA","type":"rich","width":600,"height":338,"html":"<blockquote class=\"wp-embedded-content\" data-secret=\"rDblaPNzzh\"><a href=\"https:\/\/cira.unan.edu.ni\/index.php\/feria-nacional-de-la-tierra\/\">Feria Nacional de la Tierra<\/a><\/blockquote><iframe sandbox=\"allow-scripts\" security=\"restricted\" src=\"https:\/\/cira.unan.edu.ni\/index.php\/feria-nacional-de-la-tierra\/embed\/#?secret=rDblaPNzzh\" width=\"600\" height=\"338\" title=\"\u00abFeria Nacional de la Tierra\u00bb \u2014 UNAN-Managua\/CIRA\" data-secret=\"rDblaPNzzh\" frameborder=\"0\" marginwidth=\"0\" marginheight=\"0\" scrolling=\"no\" class=\"wp-embedded-content\"><\/iframe><script>\n\/*! This file is auto-generated *\/\n!function(d,l){\"use strict\";l.querySelector&&d.addEventListener&&\"undefined\"!=typeof URL&&(d.wp=d.wp||{},d.wp.receiveEmbedMessage||(d.wp.receiveEmbedMessage=function(e){var t=e.data;if((t||t.secret||t.message||t.value)&&!\/[^a-zA-Z0-9]\/.test(t.secret)){for(var s,r,n,a=l.querySelectorAll('iframe[data-secret=\"'+t.secret+'\"]'),o=l.querySelectorAll('blockquote[data-secret=\"'+t.secret+'\"]'),c=new RegExp(\"^https?:$\",\"i\"),i=0;i<o.length;i++)o[i].style.display=\"none\";for(i=0;i<a.length;i++)s=a[i],e.source===s.contentWindow&&(s.removeAttribute(\"style\"),\"height\"===t.message?(1e3<(r=parseInt(t.value,10))?r=1e3:~~r<200&&(r=200),s.height=r):\"link\"===t.message&&(r=new URL(s.getAttribute(\"src\")),n=new URL(t.value),c.test(n.protocol))&&n.host===r.host&&l.activeElement===s&&(d.top.location.href=t.value))}},d.addEventListener(\"message\",d.wp.receiveEmbedMessage,!1),l.addEventListener(\"DOMContentLoaded\",function(){for(var e,t,s=l.querySelectorAll(\"iframe.wp-embedded-content\"),r=0;r<s.length;r++)(t=(e=s[r]).getAttribute(\"data-secret\"))||(t=Math.random().toString(36).substring(2,12),e.src+=\"#?secret=\"+t,e.setAttribute(\"data-secret\",t)),e.contentWindow.postMessage({message:\"ready\",secret:t},\"*\")},!1)))}(window,document);\n\/\/# sourceURL=https:\/\/cira.unan.edu.ni\/wp-includes\/js\/wp-embed.min.js\n<\/script>\n","thumbnail_url":"https:\/\/i0.wp.com\/cira.unan.edu.ni\/wp-content\/uploads\/2018\/04\/SSS-1.jpg?fit=800%2C445&ssl=1","thumbnail_width":800,"thumbnail_height":445,"description":"\u201cMi tierra, mi casa, mi vida\u2026mi municipio limpio, nuestro presente, nuestro futuro\u201d Viernes 8 de Junio 1. Caminata ecol\u00f3gica Participan estudiantes, ej\u00e9rcito, comisi\u00f3n de poblaci\u00f3n de Asamblea Nacional, etc. El punto de salida ser\u00e1 del MINJUVE hacia la UNAN-Managua. Hora: 8:30 a.m. 2. Acto oficial de Inauguraci\u00f3n en la Tarima Verde: Palabras de la Rectora de UNAN-Managua. El Dr. Tel\u00e9maco Talavera presenta el libro \u201clista Roja\u201d. Certificaci\u00f3n a los participantes en el estudio de la Lista Roja. Hora: 10:00 a.m. Lugar: auditorio Fernando Gordillo. 3. Presentaci\u00f3n t\u00e9cnica de la Investigaci\u00f3n \u201clista roja de la especies en peligro de extinci\u00f3n de Nicaragua\u201d Hora: 11:30 a.m. Lugar: auditorio Fernando Gordillo. 4. Tarima Verde (Revista cultural permanente) para los dos d\u00edas 5. Instalaci\u00f3n del Sal\u00f3n del Conocimiento de los j\u00f3venes. Conferencias magistrales Lugar: Auditorio HISPAMER. Hora: 11: a.m. a 4:50 p.m. Lugar: auditorio Fernando Gordillo. 6. Debates de expertos, (taller de agua y el taller de residuos s\u00f3lidos). Hora: 1:30 a 3:50 el taller de agua y 4:00 a 5:20 el taller de residuos s\u00f3lidos. Lugar: auditorio Fernando Gordillo. 7. Fiesta ecol\u00f3gica Hora: 6:00 a 10:00 p.m. S\u00e1bado 9 de Junio 8. Ecozumbat\u00f3n Hora: 9 a 9:30 de la ma\u00f1ana 9. Taller de Cambio Clim\u00e1tico Hora: 8:20 a 10:10 a.m. Lugar: auditorio Fernando Gordillo. 10. Acto cultural de clausura Hora: 11:00 a.m. Lugar: auditorio Fernando Gordillo"}

“Mi tierra, mi casa, mi vida…mi municipio limpio, nuestro presente, nuestro futuro” Viernes 8 de Junio 1. Caminata ecológica Participan estudiantes, ejército, comisión de población de Asamblea Nacional, etc. El punto de salida será del MINJUVE hacia la UNAN-Managua. Hora: 8:30 a.m. 2. Acto oficial de Inauguración en la Tarima Verde: Palabras de la Rectora de UNAN-Managua. El Dr. Telémaco Talavera presenta el libro “lista Roja”. Certificación a los participantes en el estudio de la Lista Roja. Hora: 10:00 a.m. Lugar: auditorio Fernando Gordillo. 3. Presentación técnica de la Investigación “lista roja de la especies en peligro de extinción de Nicaragua” Hora: 11:30 a.m. Lugar: auditorio Fernando Gordillo. 4. Tarima Verde (Revista cultural permanente) para los dos días 5. Instalación del Salón del Conocimiento de los jóvenes. Conferencias magistrales Lugar: Auditorio HISPAMER. Hora: 11: a.m. a 4:50 p.m. Lugar: auditorio Fernando Gordillo. 6. Debates de expertos, (taller de agua y el taller de residuos sólidos). Hora: 1:30 a 3:50 el taller de agua y 4:00 a 5:20 el taller de residuos sólidos. Lugar: auditorio Fernando Gordillo. 7. Fiesta ecológica Hora: 6:00 a 10:00 p.m. Sábado 9 de Junio 8. Ecozumbatón Hora: 9 a 9:30 de la mañana 9. Taller de Cambio Climático Hora: 8:20 a 10:10 a.m. Lugar: auditorio Fernando Gordillo. 10. Acto cultural de clausura Hora: 11:00 a.m. Lugar: auditorio Fernando Gordillo
